i + 12. Let t be (702/a)/(-13)*(1 + 0). Determine g(t).
1
Let x(l) = 2*l - 1. Let j(s) = -s + 1. Let o(h) = -5*j(h) - 6*x(h). Let g be (15/25)/(60/100). Determine o(g).
-6
Let y = -667 - -661. Let z(o) = -o**3 - 3*o**2 + 21*o + 12. Give z(y).
-6
Suppose 5*g + 3*p = 12, -g - 15 = -5*g + 3*p. Suppose -g*o - 2*v = -5*v - 18, -3*v = 2*o - 22. Let f(z) = z**3 - 8*z**2 + 2*z - 4. What is f(o)?
12
Let g(k) = -k**2 + 6*k - 1. Suppose -5*w + w + 68 = 0. Suppose -c - w = b - 4*b, -2*b + 4*c = -8. Let u be ((-1)/b)/((-9)/(-27))*-12. What is g(u)?
-1
Suppose -7*s - 96 = -13*s. Suppose -d + 4 = 0, -31 = 4*q - 5*q - 5*d. Let i(u) = s*u + u**3 - 3*u - 3 + q*u**2 - 4*u. Determine i(-10).
7
Let u = 12433 - 12432. Let x(p) = 37*p**3 + 2*p**2 - 2. What is x(u)?
37
Let x(s) = 60*s**2 + 2*s. Let m = -3526 - -3525. Determine x(m).
58
Let g(r) = -2*r - 1. Let s = -2372 + 2374. Calculate g(s).
-5
Suppose 48 + 23 = -x. Let z be (690/(-45))/(6/27). Let l = x - z. Let a(g) = -2*g + 1. Give a(l).
5
Let l(i) = -74*i + 8 - 23*i**2 - 31*i**3 - 38*i**3 + 68*i**3 + 41. Give l(-19).
11
Let b(g) = -5 - 16 - 1 - 50 + 12*g - 42. What is b(9)?
-6
Let h = 1 + -6. Let p = -311 - -334. Let l(v) = 40 - 56 + p - 3*v - v**2. Give l(h).
-3
Let f(w) = w**3 + 19*w**2 + 25*w + 34. Let n be 22/(418/(-171)) + -9. Determine f(n).
-92
Let r(z) = 2*z**2 - 5*z + 18. Let t = 1495 + -1491. Give r(t).
30
Let d(t) = 2*t - 4. Let c = 472 - 675. Let x = -207 - c. What is d(x)?
-12
Let i(r) = r**3 - r**2 - 23*r - 9. Let c(w) = 4*w**2 + 104*w - 4. Let l be c(-26). Calculate i(l).
3
Let i(o) = 50*o**2 - o. Suppose -418*p = -351*p - 134. Determine i(p).
198
Let n(p) be the first derivative of 128 + 1/4*p**4 + 5*p + 7/3*p**3 + 1/2*p**2. Determine n(-7).
-2
Suppose -c = 3*c - 20. Let p(j) be the third derivative of -j**6/120 + j**5/10 + j**4/12 - j**3/2 - 296*j**2 - 3. Calculate p(c).
32
Suppose 0 = 5*i - 0*i - 30. Let a(k) be the third derivative of -k**6/120 + k**5/12 + 5*k**4/24 + k**3/6 - 1418*k**2. Determine a(i).
-5
Let l(o) = o**2. Let d be 3*(-4)/24*-36. Let g(c) = -8*c**2 - 2*c. Let n(p) = d*l(p) + 2*g(p). Suppose 2*s - 4 = k, -k = 4*s + 3*k - 20. Give n(s).
6
Let v(r) = -47*r**3 - 9*r**2 + r - 17. Let m(c) = -31*c**3 - 8*c**2 + c - 16. Let i(h) = 3*m(h) - 2*v(h). Give i(6).
-8
Let l(t) = -3*t**3 + 18*t**2 + 32*t - 46. Let c(y) = -4*y**3 + 18*y**2 + 41*y - 39. Let i(h) = 4*c(h) - 5*l(h). Calculate i(-18).
2
Let i be (-8)/(1*(-2 + 1)). Let j(a) = -6 - 2*a + 3 + 2 + 12. Calculate j(i).
-5
Let v(z) be the third derivative of -z**5/60 - z**4/3 - z**3/2 - 966*z**2. What is v(-10)?
-23
Let x(s) = 54 + 7*s + 13*s + 6*s - 16*s. What is x(-7)?
-16
Let v(p) = 2*p**2 - 13*p. Let g(t) = -t**2 + 6*t. Let j(q) = q**3 + 8*q**2 + 13*q + 6. Let d be j(-6). Let y = d + -4. Let z(c) = y*v(c) - 9*g(c). Give z(-2).
8
Let b(v) = 6*v. Let m = 287 + -283. Suppose -16*x + m = -12. Calculate b(x).
6
Let x = 7 + -10. Let o(h) = -1854 - 1853 - 9*h + 5571 - 1859 + 10*h. Give o(x).
2
Let k(u) = 5*u - 167 - 22*u + 34*u + 7*u + 17*u. Let v be k(4). Let h(t) be the first derivative of -t**4/4 - 5*t**3/3 - 2*t**2 + 1. What is h(v)?
-6
Let m(o) = -o**3 - 4*o**2 + 7*o - 23. Suppose -2*g + 3*z = 12, 5*g = -17*z + 20*z - 30. What is m(g)?
7
Let r(q) = -871*q + 1 - 10 - q**2 - 1 + 849*q. Calculate r(-20).
30
Let b(t) = -126*t + 30*t + 33*t - 12*t + 387 + 8*t. Determine b(6).
-15
Suppose 0*h = 3*h - 2*l + 2, -63 = -3*h + 15*l. Let p(t) = -2*t**3 - 7*t**2 - 12. Calculate p(h).
4
Let t(h) = h**3 - 17*h**2 + 17*h - 15. Let y(c) = -55 + 4*c**3 - c + 61 - 2*c**3 - 3*c**3 + 10*c**2 + 2*c**3. Let f be y(-10). What is t(f)?
1
Let d(g) = 7*g**2 + g**3 + 16*g - 55*g + 11*g + 6 + 0*g**2. Give d(-10).
-14
Suppose 17 + 10 = 3*m. Let i(t) = 18*t**2 + 2*t - 8 + m*t**2 + 7 - 26*t**2. Determine i(-3).
2
Let y(i) = i**3 + i**2 + 9. Let g(s) = 31*s**2 + 3*s + 3. Let v(c) = -c**2 + c + 1. Let f(o) = g(o) - 4*v(o). Let u be f(-1). Let b = -35 + u. What is y(b)?
9
Let w(u) = -2*u + 13. Suppose 2*n - 3*c = -2*c + 146, 2*n - 152 = 4*c. Suppose -16*m + 72 + n = 0. Determine w(m).
-5
Let o(w) = -w**2 - 24*w - 74. Let z = 5334 - 5354. Calculate o(z).
6
Let s(b) = b**3 + 11*b**2 + 11*b + 5. Let r = -42 + -8. Let d be (-4)/20 + 5/(r/98). Let v be s(d). Let a(z) = z**2 + 2*z + 7. Calculate a(v).
22
Suppose -r + 5 = 7*o, 0*o + 15 = 3*o + 3*r. Let u(x) be the third derivative of 1/4*x**4 + 1/60*x**5 + 0 + o*x + 1/2*x**3 - 14*x**2. Calculate u(-5).
-2
Let h be 2*-248 + (3 - 23)/4. Let f = h + 493. Let y(s) = 4 + 7*s - 3 + s**2 + 0*s. Calculate y(f).
9
Let f(u) = 2*u**2 - 3. Suppose -i + 3 = 0, 5*i - 105 = 3*r + 27. Let q be (-156)/r - (0 - -2). What is f(q)?
5
Suppose 5*w = -5, -4*q + 18 - 1 = -5*w. Let d(s) = -s**2 + 2*s - 3. Let n(x) = -6*x**2 + 13*x - 19. Let b(c) = -5*d(c) + n(c). What is b(q)?
-4
Let k(x) = x**3 + 5*x**2 - 2. Suppose -8*p + 54 = 22. Let y be 8/(-12)*6 - (p - 3). Determine k(y).
-2
Let q(z) = -5*z - 231. Let h be 756/(-1386) + 1022/(-22). What is q(h)?
4
Let j(f) = 6*f**2 - 103*f. Let q(k) = 18*k**2 - 275*k + 1. Let u(n) = 8*j(n) - 3*q(n). Determine u(-4).
-103
Suppose -95 = -75*d + 55. Let j(v) = -27*v. Calculate j(d).
-54
Let j(w) be the first derivative of -28 - 1/4*w**4 + 1/2*w**2 - 30*w + 0*w**3. Give j(0).
-30
Let m = 586 - 545. Suppose 0 = -5*i - s - 26 + m, -3*i = s - 7. Let j(h) = -h**3 + 5*h**2 - 3*h + 2. Determine j(i).
6
Let z(u) = 2*u**3 + 28*u**2 + 56*u - 26. Let q(p) = -3*p**3 - 42*p**2 - 83*p + 40. Let k(n) = -5*q(n) - 8*z(n). What is k(-11)?
8
Let u(r) = 2 + 52*r + 2*r**2 + r**2 + r**3 - 51*r - 2*r**3. Let s(z) = z + 13. Let c be s(16). Suppose -p - c = -32. Determine u(p).
5
Let p(f) = -f**3 + 9*f**2 - 15*f + 14. Let i = -3832 - -3839. Determine p(i).
7
Let v(w) be the first derivative of w**2/2 - 7*w + 683. Let q be (-66)/14 + (-4)/14. Let r = 1 - q. What is v(r)?
-1
Suppose 26 = 41*t - 15. Let v(m) = -5*m**3 + 2*m**2 + 2*m - 3. Determine v(t).
-4
Let s(a) = a**2 - 28*a + 28. Suppose -f - 2*n + 3 + 13 = 0, 4*f - 3*n = 119. What is s(f)?
-24
Let p(t) = -124*t**3 + 18*t**2 + 7*t + 17. Let x(h) = -41*h**3 + 5*h**2 + 2*h + 5. Let k(f) = -2*p(f) + 7*x(f). Calculate k(1).
-39
Suppose -4*h + 47283 = -449. Let v(f) = -f**2 + 2 + f**3 - 11931*f + h*f - 3. Calculate v(2).
7
Let b(u) be the third derivative of 4/3*u**3 + 0*u - 13/24*u**4 - 32 + u**2 + 1/60*u**5. Give b(12).
-4
Let u = 46 + -36. Let l be (-18)/12 + 35/u + -5. Let d(n) = -n**3 - 2*n**2 + 4*n + 2. Calculate d(l).
-1
Let c(p) = p**3 + p**2 + 4. Let v = 46 + -62. Let j(l) = -2*l + 29. Let f(q) = q - 29. Let b(d) = -4*f(d) - 3*j(d). Let g be b(v). Give c(g).
-14
Let a(j) = j - 1. Let x(l) = -36*l + 441. Let v(q) = -5*q + 59. Let o(r) = -30*v(r) + 4*x(r). Suppose 3*w = 6 - 21. Let d(c) = w*a(c) + o(c). What is d(0)?
-1
Let m(r) be the third derivative of 0*r + 147*r**2 - 1/2*r**3 + 11/60*r**5 + 1/120*r**6 - 13/24*r**4 + 0. What is m(-12)?
9
Let y(s) = -2*s**2 - 13*s - 2. Let o(f) be the third derivative of -f**5/30 - 3*f**4/8 - f**3/6 + 2*f**2 + 126. Let d(q) = 4*o(q) - 3*y(q). What is d(4)?
-18
Let b(d) = d**2 - 30*d + 5. Suppose 4*s - 125 = 5*h, -12*h = 2*s - 17*h - 65. Give b(s).
5
Suppose -4*b + 7 = -33. Let r(l) be the first derivative of -1/2*l**2 + 13*l + 159. Calculate r(b).
3
Suppose 0 = -0*r + 3*r + 12. Let s(l) = l**2 + 12*l - 62. Let q be s(4). Let u(c) = 335*c**2 - 671*c**q + 341*c**2 + 6*c + c**3. What is u(r)?
-8
Let c(o) be the first derivative of 31*o**2/2 - 315*o + 8235. Give c(10).
-5
Let x(m) = m**3 - 16*m**2 + 6*m + 7. Let k be x(5). Let n = k + 240. Let u(c) = -6*c**2 - c**3 + 3*c**2 - c**2 + 3*c**2 + 2. What is u(n)?
-10
Let z(a) = a**3 + 4*a**2 + 11*a + 18. Let n(p) = 4*p**3 + 9*p**2 + 34*p + 58. Let b(c) = -2*n(c) + 7*z(c). Determine b(11).
-12
Let s(f) = f + 1. Let b(i) = -2*i**2 - 48*i + 219. Let n be b(-28). Determine s(n).
-4
Let n(k) = -23*k + 1208*k**2 - 37 - 2433*k**2 - 4 + 1224*k**2. Determine n(-21).
1
Let u(q) = 2*q - 1. Let b(a) = -5*a**2 - 26*a + 8. Let l(i) = 4*i**2 + 25*i - 10. Let j(n) = -5*b(n) - 6*l(n). Let v(r) = -j(r) - 2*u(r). Calculate v(15).
-3
Suppose -6 = g, 3*p + 11 - 5 = -3*g. Let r(b) = b**3 - 3*b**2 + 10*b + 9. Determine r(p).
65
Let v(b) = 9*b**2 - b - 1. Let m be v(-1). Let u be 2/6 - (-235)/15. Let o(n) = -u + m - n - 1. W